divisor of h and 7?
7
Let a be 44/(-33)*75/(-2). Calculate the greatest common factor of a and 25.
25
Let i = 63 - 21. Let o = i - 28. What is the highest common divisor of o and 21?
7
Let q(o) = -98*o**3 - 2*o - 1. Let h be q(-1). Let n(p) = p + 8. Let k be n(-5). Suppose -4*b = -k*b - h. Calculate the highest common divisor of b and 11.
11
Suppose -4*z + 20 = -0*z. Suppose 2*i = 3*x + 298 + 67, 2*x - 922 = -z*i. Calculate the highest common divisor of i and 23.
23
Let u = 34 + -23. Calculate the highest common divisor of 88 and u.
11
Let l = -50 + 59. What is the greatest common factor of 99 and l?
9
Let b be 8/(-16)*-1*46. Suppose -3*i + 0*f - 4*f + 187 = 0, -5*f + 320 = 5*i. What is the highest common factor of i and b?
23
Suppose 2*z - 25 = 11. Let g be ((-42)/28)/((-1)/10). Let m be (z/g)/((-1)/(-10)). Calculate the highest common factor of 48 and m.
12
Let k(d) = -20*d + 2. Let g be k(5). Let t = 140 + g. Calculate the highest common divisor of t and 14.
14
Let j = 7 + 81. Calculate the greatest common factor of j and 8.
8
Let t = -21 - -38. Let g = 3 + -2. Let w be g - (0 - 135/1). Calculate the highest common divisor of w and t.
17
Let i(q) = 16*q**2. Let j be i(1). Let z = -7 - -9. Suppose w = v + z, 3*v - 2*v = 4*w - 14. What is the highest common factor of j and w?
4
Let n(p) = p**2 + 6*p - 2. Let o be n(-8). Suppose 2*i - i = 28. Calculate the highest common factor of o and i.
14
Suppose 7*l = 2*l + 10. Let u = 4 + l. Let d be u/(-3 - 87/(-28)). Calculate the greatest common factor of d and 8.
8
Let q(p) = p + 22. Let d be q(0). What is the highest common factor of 176 and d?
22
Suppose -3*i = 2*i. Suppose i*l - 162 = -3*l. Calculate the highest common divisor of l and 6.
6
Suppose 2*s + 8 = 5*b, -b - 4*s = -5*s - 4. Suppose b = p - 4*m - 62, -p + 0*m + 70 = 4*m. What is the highest common factor of 11 and p?
11
Let l(i) = 7*i**2 + 4*i + 4. Let m be l(-4). What is the greatest common factor of m and 20?
20
Let f(c) = 18*c - 2. Suppose 4*t + 0*t - 16 = 3*r, 2*r + 12 = 4*t. Let j be 10/4 - t/2. Let m be f(j). Calculate the highest common factor of m and 17.
17
Let n = -2 - -6. Suppose n + 2 = 3*x. Suppose 5*r + 17 = 4*t, -5*t + r = -r - 34. Calculate the greatest common factor of x and t.
2
Suppose 5*o + 3 + 4 = 4*y, 0 = -2*o + 2. Suppose -5*a - 2*u - 45 + 818 = 0, 439 = y*a - 5*u. Calculate the greatest common factor of 17 and a.
17
Let x(v) = 2*v**2 + 24*v - 18. Let q be x(-18). What is the highest common divisor of q and 18?
18
Suppose 0 = 3*i - 18 + 3. Suppose -i*b + 3*b = -2. What is the highest common factor of b and 8?
1
Suppose 3*i = -2*x - 0*x - 11, -3*i - 5 = 5*x. Let d be -1 - -1 - (i - 13). What is the highest common factor of d and 6?
6
Let a = -80 + 94. Calculate the highest common factor of 70 and a.
14
Suppose -6 = -2*t + 4. Suppose -2*a + 5*a + p = 12, 13 = t*a + 4*p. Let i(c) = 2*c**2 + 3*c + 1. Let b be i(4). Calculate the highest common factor of a and b.
5
Let u(d) = 5*d**2 + 5*d - 10. Let s be u(5). What is the greatest common factor of 56 and s?
28
Let t(l) = l**2 + 2*l - 2. Let h(f) = -f. Let d(j) = -2*h(j) + t(j). Let i be d(-5). Calculate the highest common factor of i and 6.
3
Suppose 0 = 4*n - 6*t + 2*t - 4, -4*n - 11 = t. Let l be n + ((-8)/2 - 2). Let y = 11 - l. What is the greatest common divisor of 152 and y?
19
Let a = -4 + 9. Let d(c) = 7*c - 5. Let b be d(a). What is the highest common divisor of 6 and b?
6
Suppose -i = 5*q - 65, -q - 4*i = -8 - 24. What is the highest common factor of q and 6?
6
Let b(t) = -t**3 + 2*t**2 + 2*t + 1. Let p be b(3). Let s be (0 - 2/4)*p. Suppose y = -0*y + s. What is the greatest common divisor of y and 5?
1
Let q(t) = t**3 + 11*t**2 + 2. Let m be (-1)/(1*1/11). Let g be q(m). Suppose z + s = 5*z - 42, 5*z - 5*s = 60. What is the highest common divisor of g and z?
2
Let v be (6/8)/(-1)*-28. Suppose -v = -2*t + 59. What is the highest common factor of t and 60?
20
Let q(h) = -h**3 - 5*h**2 + h - 6. Let d be q(-7). What is the highest common factor of d and 5?
5
Suppose 2*s + 30 = 4*s. Let j be (535/10)/(3/6). Let z be j - -4*3/(-6). Calculate the highest common factor of s and z.
15
Let q(o) = o**3 - 4*o + 11. Let f be q(0). Calculate the greatest common factor of f and 198.
11
Suppose -4*p + 0 = -8. Suppose 0 = -5*q + p*q + 45. Let l be (-6)/q - 604/(-10). Calculate the highest common divisor of 10 and l.
10
Suppose -8 = 3*h - 11. Calculate the greatest common factor of 4 and h.
1
Suppose -3*m = -0*m - 5*n + 1, 0 = 5*m + 4*n - 23. Let y be 0 + 23 + (m - 6). Calculate the highest common divisor of y and 5.
5
Suppose -2*a - 7*w + 2*w = -8, 5*a = -5*w - 10. Let r be ((-5)/(-2))/((-3)/a). Calculate the highest common factor of r and 10.
5
Suppose g - 1 = -2*w, 0*w + w = -g + 1. Suppose w = 2*q - 167 - 15. Let x = 23 - 10. What is the highest common divisor of q and x?
13
Suppose -6*c - c = -21. Calculate the highest common divisor of c and 51.
3
Let m(o) = 7*o + 2. Let c be m(4). What is the greatest common divisor of c and 60?
30
Let a = -10 - -16. Suppose 2*z + a - 2 = u, z - 31 = -5*u. What is the highest common divisor of 12 and u?
6
Let d(x) = 2*x**2 + 22*x - 5. Let q be d(-15). What is the greatest common factor of 23 and q?
23
Let z(m) = m + 9. Let l be z(-8). Let d be 0 + (-1 - l) - -5. Suppose -87 = -4*w + 5*v - 35, -w - d*v + 13 = 0. What is the highest common factor of 52 and w?
13
Let c = 53 - 42. Suppose -5*u = -0*u - 385. What is the highest common divisor of c and u?
11
Let l = 8 - 2. Calculate the highest common factor of 54 and l.
6
Suppose 19 = 5*l + 3*a, 3*l - 4*a = -0*l + 23. Let r be (1 + -16)/(1/(-3)). What is the greatest common divisor of l and r?
5
Let f = 9 + -6. Suppose a - 37 = 4*b - 16, 4*b + 47 = f*a. Calculate the greatest common factor of a and 65.
13
Suppose 2*v = -v - 177. Let g = v + 100. Suppose 5*q - 265 = -5*c, -3*q - g = -c - 0*c. What is the highest common divisor of c and 20?
10
Let a(y) = -3 + 2*y + 3*y**3 + 0*y - 3*y**2 + 0*y**2. Let i be a(2). Calculate the highest common divisor of i and 117.
13
Let r(n) = -n**3 + 7*n**2 - 6*n + 5. Let c be r(6). Let u be 10/4*6 + -3. Let b be -5*c/((-75)/u). Calculate the highest common divisor of b and 8.
4
Suppose 3*c = 4*c - 2. Suppose 0 = c*o + 3 - 7. Suppose 2*w - 573 = -o*w + 3*j, -2*w - 4*j + 292 = 0. What is the highest common divisor of w and 18?
18
Suppose w + 84 = -2*u - 101, 0 = -w + 5. Let v = -19 - u. Let h(o) = -o**3 - 4*o**2 - 4*o + 3. Let g be h(-4). What is the greatest common divisor of g and v?
19
Let x(w) = -w**2 - w + 1. Let f be x(-1). Calculate the highest common factor of 11 and f.
1
Let b = 23 - 9. Suppose 5*t - 5*d = -149 + b, -120 = 5*t - 2*d. Let a = t + 48. Calculate the highest common divisor of 65 and a.
13
Let p be (-30)/(-9)*(-6)/(-4). Suppose 79 = 4*i - g - 76, -5*g = -p. Let k be (13/2)/(3/6). Calculate the greatest common divisor of k and i.
13
Let y = 16 - 16. Suppose 13*l - 9*l - 56 = y. Calculate the highest common divisor of l and 70.
14
Suppose 7*y - 2*y = 35. Let a(t) = -5*t + 2. Let p be a(-1). Calculate the highest common divisor of p and y.
7
Let u = 2 + 8. Suppose 4*b = -0*b + 56. Let d = -10 + b. What is the greatest common divisor of u and d?
2
Let o(a) = -a**3 - 3*a**2 - 6*a - 4. Let i be o(-4). What is the highest common divisor of 4 and i?
4
Suppose 0*o + 2*o = -5*l + 13, -4*l = -5*o + 82. Calculate the highest common factor of o and 7.
7
Let z be (-1135)/(-7) + ((-20)/35)/4. Calculate the highest common divisor of 27 and z.
27
Suppose 5*i - 4*v - 1709 = -2*v, 0 = i + v - 339. Calculate the greatest common factor of i and 31.
31
Let b be 208/(2 - (0 + 1)). Calculate the highest common divisor of 16 and b.
16
Let w be (7 - -1)*(-1 - -2). Suppose -2*u + 8 = -w. Let j(d) = -d**2 + 4*d - 1. Let z be j(3). Calculate the greatest common factor of z and u.
2
Let i be -2 - -6 - 0/(-1). Let f(w) = w**2 - 4*w + 2. Let h be f(i). Calculate the highest common factor of h and 2.
2
Let m be ((-18)/15)/(6/(-40)). Let w(c) = -c**3 - 2*c**2 - 4*c - 1. Let u be w(-3). Calculate the greatest common divisor of m and u.
4
Let h(l) = l**3 - 9*l**2 + 6*l + 19. Let y be h(8). Suppose 5*f = 3*z + 4 - 3, 4*f = 5*z - 7. What is the greatest common factor of z an